{"id":463,"date":"2007-01-25T08:45:20","date_gmt":"2007-01-25T08:45:20","guid":{"rendered":"http:\/\/rettungsdienst-wesseling.de\/?p=463"},"modified":"2020-08-25T11:05:09","modified_gmt":"2020-08-25T11:05:09","slug":"loeschzug-urfeld","status":"publish","type":"page","link":"https:\/\/feuerwehr-wesseling.de\/?page_id=463","title":{"rendered":"L\u00f6schzug Urfeld"},"content":{"rendered":"<p><img loading=\"lazy\" decoding=\"async\" class=\" alignleft size-full wp-image-462\" title=\"Wappen von Urfeld\" src=\"http:\/\/rettungsdienst-wesseling.de\/wp-content\/uploads\/2007\/01\/urfelder_wappen.gif\" alt=\" \" width=\"120\" height=\"130\" align=\"left\" border=\"0\" \/>Der L\u00f6schzug Urfeld wurde im Jahre 1911 gegr\u00fcndet und hat insgesamt \u00fcber 35\u00a0\u00a0aktive Feuerwehrm\u00e4nner und Feuerwehrfrauen. In den ersten Jahren geh\u00f6rte die Freiwillige Feuerwehr Urfeld zum Gemeindeamt Hersel und nachher zu Bornheim, bevor im Jahre 1969 die Eingemeindung zur Gemeindeverwaltung Wesseling im Rahmen der kommunalen Neuordnung im Lande Nordrhein &#8211; Westfalen geschah. Seit dem Jahr 1969 ist der L\u00f6schzug Urfeld in das Brandschutzkonzept der Stadt Wesseling eingegliedert und stellt mit seinen Feuerwehrfrauen und\u00a0 Feuerwehrm\u00e4nnern einen leistungsf\u00e4higen L\u00f6schzug der Stadt Wesseling.<\/p>\n","protected":false},"excerpt":{"rendered":"<p>Der L\u00f6schzug Urfeld wurde im Jahre 1911 gegr\u00fcndet und hat insgesamt \u00fcber 35\u00a0\u00a0aktive Feuerwehrm\u00e4nner und Feuerwehrfrauen. In den ersten Jahren geh\u00f6rte die Freiwillige Feuerwehr Urfeld zum Gemeindeamt Hersel und nachher &#8230; <a title=\"L\u00f6schzug Urfeld\" class=\"read-more\" href=\"https:\/\/feuerwehr-wesseling.de\/?page_id=463\" aria-label=\"Mehr Informationen \u00fcber L\u00f6schzug Urfeld\">Weiterlesen<\/a><\/p>\n","protected":false},"author":1,"featured_media":0,"parent":0,"menu_order":1,"comment_status":"closed","ping_status":"closed","template":"","meta":{"_price":"","_stock":"","_tribe_ticket_header":"","_tribe_default_ticket_provider":"","_ticket_start_date":"","_ticket_end_date":"","_tribe_ticket_show_description":"","_tribe_ticket_show_not_going":false,"_tribe_ticket_use_global_stock":"","_tribe_ticket_global_stock_level":"","_global_stock_mode":"","_global_stock_cap":"","_tribe_rsvp_for_event":"","_tribe_ticket_going_count":"","_tribe_ticket_not_going_count":"","_tribe_tickets_list":"[]","_tribe_ticket_has_attendee_info_fields":false,"footnotes":"","_tec_slr_enabled":"","_tec_slr_layout":""},"categories":[9],"tags":[],"class_list":["post-463","page","type-page","status-publish","category-allgemein"],"ticketed":false,"_links":{"self":[{"href":"https:\/\/feuerwehr-wesseling.de\/index.php?rest_route=\/wp\/v2\/pages\/463","targetHints":{"allow":["GET"]}}],"collection":[{"href":"https:\/\/feuerwehr-wesseling.de\/index.php?rest_route=\/wp\/v2\/pages"}],"about":[{"href":"https:\/\/feuerwehr-wesseling.de\/index.php?rest_route=\/wp\/v2\/types\/page"}],"author":[{"embeddable":true,"href":"https:\/\/feuerwehr-wesseling.de\/index.php?rest_route=\/wp\/v2\/users\/1"}],"replies":[{"embeddable":true,"href":"https:\/\/feuerwehr-wesseling.de\/index.php?rest_route=%2Fwp%2Fv2%2Fcomments&post=463"}],"version-history":[{"count":4,"href":"https:\/\/feuerwehr-wesseling.de\/index.php?rest_route=\/wp\/v2\/pages\/463\/revisions"}],"predecessor-version":[{"id":2228,"href":"https:\/\/feuerwehr-wesseling.de\/index.php?rest_route=\/wp\/v2\/pages\/463\/revisions\/2228"}],"wp:attachment":[{"href":"https:\/\/feuerwehr-wesseling.de\/index.php?rest_route=%2Fwp%2Fv2%2Fmedia&parent=463"}],"wp:term":[{"taxonomy":"category","embeddable":true,"href":"https:\/\/feuerwehr-wesseling.de\/index.php?rest_route=%2Fwp%2Fv2%2Fcategories&post=463"},{"taxonomy":"post_tag","embeddable":true,"href":"https:\/\/feuerwehr-wesseling.de\/index.php?rest_route=%2Fwp%2Fv2%2Ftags&post=463"}],"curies":[{"name":"wp","href":"https:\/\/api.w.org\/{rel}","templated":true}]}}

Löschzug Urfeld

<p><img loading="lazy" decoding="async" class=" alignleft size-full wp-image-462" title="Wappen von Urfeld" src="http://rettungsdienst-wesseling.de/wp-content/uploads/2007/01/urfelder_wappen.gif" alt=" " width="120" height="130" align="left" border="0" />Der Löschzug Urfeld wurde im Jahre 1911 gegründet und hat insgesamt über 35  aktive Feuerwehrmänner und Feuerwehrfrauen. In den ersten Jahren gehörte die Freiwillige Feuerwehr Urfeld zum Gemeindeamt Hersel und nachher zu Bornheim, bevor im Jahre 1969 die Eingemeindung zur Gemeindeverwaltung Wesseling im Rahmen der kommunalen Neuordnung im Lande Nordrhein &#8211; Westfalen geschah. Seit dem Jahr 1969 ist der Löschzug Urfeld in das Brandschutzkonzept der Stadt Wesseling eingegliedert und stellt mit seinen Feuerwehrfrauen und  Feuerwehrmännern einen leistungsfähigen Löschzug der Stadt Wesseling.</p>

<p>Der Löschzug Urfeld wurde im Jahre 1911 gegründet und hat insgesamt über 35  aktive Feuerwehrmänner und Feuerwehrfrauen. In den ersten Jahren gehörte die Freiwillige Feuerwehr Urfeld zum Gemeindeamt Hersel und nachher &#8230; <a title="Löschzug Urfeld" class="read-more" href="https://feuerwehr-wesseling.de/?page_id=463" aria-label="Mehr Informationen über Löschzug Urfeld">Weiterlesen</a></p>
